.
15
What is the greatest common divisor of 324 and 12960?
324
Calculate the highest common factor of 60 and 48.
12
Calculate the greatest common factor of 100 and 150.
50
Calculate the highest common factor of 1596 and 168.
84
What is the highest common divisor of 1111 and 505?
101
Calculate the greatest common factor of 572 and 220.
44
Calculate the highest common divisor of 39 and 5889.
39
What is the greatest common divisor of 24 and 156?
12
Calculate the greatest common factor of 1041 and 96.
3
What is the highest common factor of 2 and 172?
2
What is the highest common divisor of 286 and 78?
26
Calculate the greatest common divisor of 888 and 185.
37
What is the greatest common factor of 57 and 1501?
19
What is the greatest common factor of 45 and 936?
9
What is the highest common factor of 81 and 44145?
81
What is the greatest common factor of 42400 and 8?
8
What is the greatest common divisor of 87 and 29?
29
Calculate the highest common divisor of 2928 and 192.
48
What is the highest common factor of 800 and 32?
32
Calculate the highest common divisor of 28 and 70.
14
Calculate the greatest common factor of 2236 and 130.
26
What is the highest common factor of 92 and 69?
23
Calculate the greatest common factor of 12 and 264.
12
Calculate the highest common factor of 378 and 14.
14
Calculate the highest common factor of 70 and 770.
70
What is the greatest common factor of 1612 and 4?
4
What is the greatest common factor of 803 and 365?
73
Calculate the highest common divisor of 59 and 18703.
59
Calculate the greatest common divisor of 26 and 3406.
26
Calculate the highest common divisor of 6023 and 19.
19
Calculate the greatest common factor of 165 and 33.
33
What is the highest common factor of 42 and 7665?
21
Calculate the greatest common divisor of 52 and 169.
13
What is the greatest common factor of 2 and 1165?
1
Calculate the highest common divisor of 207 and 9.
9
Calculate the greatest common divisor of 12 and 1614.
6
Calculate the greatest common factor of 287 and 41.
41
What is the greatest common factor of 25 and 1800?
25
What is the greatest common divisor of 9740 and 60?
20
Calculate the highest common divisor of 350 and 280.
70
Calculate the greatest common factor of 9720 and 160.
40
What is the highest common factor of 28301 and 182?
91
What is the highest common divisor of 5 and 64555?
5
What is the highest common divisor of 140 and 5?
5
What is the greatest common divisor of 174 and 6873?
87
Calculate the greatest common divisor of 3645 and 225.
45
What is the greatest common factor of 622 and 18?
2
What is the highest common divisor of 26 and 2353?
13
What is the highest common divisor of 102 and 5763?
51
What is the greatest common divisor of 220 and 15?
5
Calculate the greatest common factor of 9548 and 70.
14
Calculate the highest common divisor of 156 and 324.
12
What is the highest common factor of 3575 and 390?
65
What is the highest common divisor of 260 and 624?
52
Calculate the greatest common factor of 7366 and 58.
58
Calculate the highest common factor of 306 and 1326.
102
What is the highest common factor of 553 and 14?
7
Calculate the greatest common divisor of 143 and 33.
11
What is the greatest common divisor of 2422 and 14?
14
Calculate the greatest common divisor of 111 and 370.
37
Calculate the greatest common factor of 9964 and 636.
212
Calculate the greatest common divisor of 2050 and 82.
82
Calculate the greatest common factor of 238 and 136.
34
Calculate the greatest common divisor of 2813 and 377.
29
What is the highest common factor of 1356 and 565?
113
Calculate the highest common divisor of 177 and 118.
59
What is the highest common factor of 810 and 990?
90
Calculate the greatest common factor of 110 and 310.
10
Calculate the highest common factor of 664 and 1411.
83
Calculate the greatest common factor of 225 and 60.
15
Calculate the highest common divisor of 435 and 203.
29
What is the greatest common divisor of 945 and 1120?
35
What is the greatest common factor of 444 and 333?
111
What is the highest common factor of 1431 and 216?
27
Calculate the highest common divisor of 380 and 285.
95
Calculate the highest common factor of 9196 and 190.
38
What is the greatest common divisor of 20 and 3580?
20
Calculate the greatest common divisor of 760 and 3496.
152
What is the greatest common divisor of 328 and 8?
8
What is the greatest common factor of 128 and 29568?
128
Calculate the highest common factor of 185 and 74.
37
Calculate the highest common factor of 5958 and 9.
9
What is the greatest common factor of 266 and 152?
38
Calculate the greatest common divisor of 9 and 441.
9
What is the highest common divisor of 705 and 1833?
141
What is the highest common divisor of 39 and 975?
39
What is the greatest common divisor of 357 and 441?
21
What is the greatest common factor of 31416 and 132?
132
What is the greatest common factor of 85 and 1615?
85
Calculate the highest common divisor of 987 and 42.
21
Calculate the highest common factor of 536 and 2077.
67
What is the highest common divisor of 44 and 594?
22
Calculate the highest common factor of 136 and 968.
8
Calculate the greatest common divisor of 3 and 21.
3
Calculate the greatest common divisor of 300 and 66.
6
Calculate the greatest common divisor of 1728 and 27.
27
Calculate the greatest common factor of 14 and 3206.
14
Calculate the highest common divisor of 34 and 153.
17
Calculate the greatest common factor of 4 and 9.
1
What is the highest common factor of 236 and 332?
4
Calculate the highest common factor of 34 and 2482.
34
What is the highest common factor of 33 and 66?
33
What is the highest common divisor of 118 and 6?
2
Calculate the greatest common divisor of 165 and 22.
11
What is the greatest common divisor of 270 and 1494?
18
What is the highest common factor of 3135 and 110?
55
Calculate the highest common factor of 861 and 7626.
123
Calculate the greatest common factor of 46 and 874.
46
Calculate the greatest common divisor of 12 and 40836.
12
What is the highest common divisor of 931 and 19?
19
What is the greatest common divisor of 6 and 6126?
6
What is the greatest common divisor of 322 and 238?
14
Calculate the highest common divisor of 4487 and 7.
7
What is the highest common factor of 23 and 1541?
23
What is the greatest common divisor of 52 and 1612?
52
Calculate the greatest common divisor of 1463 and 304.
19
What is the highest common divisor of 4477 and 11?
11
Calculate the highest common divisor of 24714 and 18.
18
What is the highest common factor of 334 and 4?
2
Calculate the greatest common divisor of 27 and 801.
9
Calculate the greatest common divisor of 1053 and 39.
39
Calculate the greatest common factor of 39 and 494.
13
What is the highest common factor of 1589 and 7?
7
What is the highest common divisor of 510 and 6426?
102
Calculate the highest common divisor of 16 and 12304.
16
Calculate the greatest common divisor of 544 and 1394.
34
What is the greatest common divisor of 856 and 136?
8
Calculate the highest common factor of 16 and 19496.
8
Calculate the greatest common factor of 30 and 13170.
30
Calculate the greatest common factor of 3245 and 110.
55
Calculate the highest common divisor of 25 and 4880.
5
What is the highest common factor of 513 and 243?
27
What is the highest common divisor of 1032 and 72?
24
Calculate the greatest common divisor of 4 and 293.
1
Calculate the greatest common divisor of 465 and 527.
31
Calculate the highest common factor of 3654 and 14.
14
What is the greatest common divisor of 171 and 15?
3
Calculate the greatest common factor of 5723 and 59.
59
Calculate the greatest common factor of 188 and 4.
4
Calculate the greatest common factor of 18 and 138.
6
Calculate the highest common factor of 72 and 5304.
24
Calculate the greatest common divisor of 30597 and 94.
47
Calculate the highest common divisor of 756 and 7.
7
What is the highest common divisor of 2 and 566?
2
Calculate the greatest common divisor of 528 and 99.
33
What is the highest common divisor of 174 and 8642?
58
Calculate the highest common factor of 141 and 47.
47
Calculate the greatest common divisor of 4392 and 36.
36
What is the highest common divisor of 1794 and 117?
39
Calculate the highest co